{"id":3879,"date":"2024-12-15T13:56:43","date_gmt":"2024-12-15T12:56:43","guid":{"rendered":"https:\/\/www.proveritate.hu\/?page_id=3879"},"modified":"2026-01-02T13:44:53","modified_gmt":"2026-01-02T12:44:53","slug":"ember-es-jog-lapszamok","status":"publish","type":"page","link":"https:\/\/www.proveritate.hu\/index.php\/ember-es-jog-lapszamok\/","title":{"rendered":"Ember \u00e9s Jog lapsz\u00e1mok"},"content":{"rendered":"\n<div style=\"height:40px\" aria-hidden=\"true\" class=\"wp-block-spacer\"><\/div>\n\n\n\n<p>Gyorsmen\u00fc:<\/p>\n\n\n\n<div class=\"wp-block-columns is-layout-flex wp-container-core-columns-is-layout-28f84493 wp-block-columns-is-layout-flex\">\n<div class=\"wp-block-column is-layout-flow wp-block-column-is-layout-flow\" style=\"flex-basis:25%\">\n<ul class=\"wp-block-list\">\n<li><a href=\"https:\/\/www.proveritate.hu\/index.php\/ember-es-jog\/\">F\u0151oldal<\/a><\/li>\n\n\n\n<li><a href=\"https:\/\/www.proveritate.hu\/index.php\/ember-es-jog-lapszamok\/\">Legut\u00f3bbi lapsz\u00e1m<\/a><\/li>\n\n\n\n<li><a href=\"https:\/\/www.proveritate.hu\/index.php\/kezirat-benyujtas-ember-es-jog\/\">K\u00e9zirat bek\u00fcld\u00e9s<\/a><\/li>\n\n\n\n<li><a href=\"https:\/\/www.proveritate.hu\/index.php\/ember-es-jog-publikacios-es-etikai-szabalyzat#focus_and_scope\">F\u00f3kusz \u00e9s c\u00e9lkit\u0171z\u00e9sek<\/a><\/li>\n<\/ul>\n<\/div>\n\n\n\n<div class=\"wp-block-column is-layout-flow wp-block-column-is-layout-flow\" style=\"flex-basis:25%\">\n<ul class=\"wp-block-list\">\n<li><a href=\"https:\/\/www.proveritate.hu\/index.php\/ember-es-jog-publikacios-es-etikai-szabalyzat#biralati_folyamat\">B\u00edr\u00e1lati folyamat<\/a><\/li>\n\n\n\n<li><a href=\"https:\/\/www.proveritate.hu\/index.php\/ember-es-jog-publikacios-es-etikai-szabalyzat#megjelenes\">Megjelen\u00e9s gyakoris\u00e1ga<\/a><\/li>\n\n\n\n<li><a href=\"https:\/\/www.proveritate.hu\/index.php\/ember-es-jog-publikacios-es-etikai-szabalyzat#openaccess\">Szabad hozz\u00e1f\u00e9r\u00e9s<\/a><\/li>\n\n\n\n<li><a href=\"https:\/\/www.proveritate.hu\/index.php\/ember-es-jog-publikacios-es-etikai-szabalyzat#szerkesztoseg\">Szerkeszt\u0151s\u00e9g<\/a><\/li>\n<\/ul>\n<\/div>\n\n\n\n<div class=\"wp-block-column is-layout-flow wp-block-column-is-layout-flow\" style=\"flex-basis:25%\">\n<ul class=\"wp-block-list\">\n<li><a href=\"https:\/\/www.proveritate.hu\/index.php\/ember-es-jog-publikacios-es-etikai-szabalyzat\/\">Publik\u00e1l\u00e1si \u00e9s Etikai Ir\u00e1nyelvek<\/a><\/li>\n\n\n\n<li><a href=\"https:\/\/www.proveritate.hu\/index.php\/szerzoi-utmutato\/\" target=\"_blank\" rel=\"noreferrer noopener\">Szerz\u0151i \u00datmutat\u00f3<\/a><\/li>\n\n\n\n<li><a href=\"https:\/\/www.proveritate.hu\/index.php\/ember-es-jog-publikacios-es-etikai-szabalyzat#etika\">Etikai Szab\u00e1lyzat<\/a><\/li>\n\n\n\n<li><a href=\"https:\/\/www.proveritate.hu\/index.php\/adatkezelesi-tajekoztato\/\">Adatkezel\u00e9si T\u00e1j\u00e9koztat\u00f3<\/a><\/li>\n<\/ul>\n<\/div>\n\n\n\n<div class=\"wp-block-column is-layout-flow wp-block-column-is-layout-flow\" style=\"flex-basis:25%\"><\/div>\n<\/div>\n\n\n\n<div style=\"height:70px\" aria-hidden=\"true\" class=\"wp-block-spacer\"><\/div>\n\n\n\n<h6 class=\"wp-block-heading\">Aktu\u00e1lis lapsz\u00e1m \/ Current Issue<\/h6>\n\n\n\n<div style=\"height:20px\" aria-hidden=\"true\" class=\"wp-block-spacer\"><\/div>\n\n\n\n<p><a href=\"https:\/\/www.proveritate.hu\/index.php\/ember-es-jog-2\/\">Ember \u00e9s Jog, 2025\/1-2.<\/a><\/p>\n\n\n\n<div style=\"height:40px\" aria-hidden=\"true\" class=\"wp-block-spacer\"><\/div>\n\n\n\n<hr class=\"wp-block-separator has-alpha-channel-opacity is-style-wide\"\/>\n\n\n\n<div style=\"height:40px\" aria-hidden=\"true\" class=\"wp-block-spacer\"><\/div>\n\n\n\n<h6 class=\"wp-block-heading\">Arch\u00edv lapsz\u00e1mok \/ Archive<\/h6>\n\n\n\n<div style=\"height:20px\" aria-hidden=\"true\" class=\"wp-block-spacer\"><\/div>\n\n\n\n<p><a href=\"https:\/\/www.proveritate.hu\/index.php\/ember-es-jog-2024-1\/\">Ember \u00e9s Jog, 2024\/1.<\/a><\/p>\n\n\n\n<div style=\"height:40px\" aria-hidden=\"true\" class=\"wp-block-spacer\"><\/div>\n\n\n\n<p><\/p>\n\n\n\n<div style=\"height:40px\" aria-hidden=\"true\" class=\"wp-block-spacer\"><\/div>\n\n\n\n<p class=\"has-small-font-size\">Szerkeszt\u0151s\u00e9g:<br>C\u00edme: 2243 K\u00f3ka, Fels\u0151hegy 2369.<br>E-mail: szerkesztoseg@proveritate.hu<br>Telefon: +36 70 422 9800<\/p>\n\n\n\n<div style=\"height:100px\" aria-hidden=\"true\" class=\"wp-block-spacer\"><\/div>\n\n\n\n<a href=\"https:\/\/info.flagcounter.com\/xq0N\"><img decoding=\"async\" src=\"https:\/\/s01.flagcounter.com\/count2\/xq0N\/bg_FFFFFF\/txt_000000\/border_CCCCCC\/columns_8\/maxflags_150\/viewers_0\/labels_1\/pageviews_1\/flags_0\/percent_0\/\" alt=\"Free counters!\" border=\"0\"><\/a>\n","protected":false},"excerpt":{"rendered":"<p>Gyorsmen\u00fc: Aktu\u00e1lis lapsz\u00e1m \/ Current Issue Ember \u00e9s Jog, 2025\/1-2. Arch\u00edv lapsz\u00e1mok \/ Archive Ember \u00e9s Jog, 2024\/1. Szerkeszt\u0151s\u00e9g:C\u00edme: 2243 K\u00f3ka, Fels\u0151hegy 2369.E-mail: szerkesztoseg@proveritate.huTelefon: +36 70 422 9800<\/p>\n","protected":false},"author":1,"featured_media":0,"parent":0,"menu_order":0,"comment_status":"closed","ping_status":"closed","template":"","meta":{"footnotes":""},"class_list":["post-3879","page","type-page","status-publish","hentry"],"_links":{"self":[{"href":"https:\/\/www.proveritate.hu\/index.php\/wp-json\/wp\/v2\/pages\/3879","targetHints":{"allow":["GET"]}}],"collection":[{"href":"https:\/\/www.proveritate.hu\/index.php\/wp-json\/wp\/v2\/pages"}],"about":[{"href":"https:\/\/www.proveritate.hu\/index.php\/wp-json\/wp\/v2\/types\/page"}],"author":[{"embeddable":true,"href":"https:\/\/www.proveritate.hu\/index.php\/wp-json\/wp\/v2\/users\/1"}],"replies":[{"embeddable":true,"href":"https:\/\/www.proveritate.hu\/index.php\/wp-json\/wp\/v2\/comments?post=3879"}],"version-history":[{"count":7,"href":"https:\/\/www.proveritate.hu\/index.php\/wp-json\/wp\/v2\/pages\/3879\/revisions"}],"predecessor-version":[{"id":6093,"href":"https:\/\/www.proveritate.hu\/index.php\/wp-json\/wp\/v2\/pages\/3879\/revisions\/6093"}],"wp:attachment":[{"href":"https:\/\/www.proveritate.hu\/index.php\/wp-json\/wp\/v2\/media?parent=3879"}],"curies":[{"name":"wp","href":"https:\/\/api.w.org\/{rel}","templated":true}]}}