{"id":1431,"date":"2022-02-16T20:41:59","date_gmt":"2022-02-16T19:41:59","guid":{"rendered":"http:\/\/www.proveritate.hu\/?page_id=1431"},"modified":"2023-11-03T21:48:24","modified_gmt":"2023-11-03T20:48:24","slug":"innovativ-oktatas-hatarok-nelkul","status":"publish","type":"page","link":"https:\/\/www.proveritate.hu\/index.php\/innovativ-oktatas-hatarok-nelkul\/","title":{"rendered":"Innovat\u00edv oktat\u00e1s hat\u00e1rok n\u00e9lk\u00fcl"},"content":{"rendered":"\n<p class=\"has-text-align-center\"><\/p>\n\n\n\n<p>Egyes\u00fclet\u00fcnk a szlov\u00e1kiai <a href=\"http:\/\/iiv.sk\">Innovat\u00edv Oktat\u00e1s\u00e9rt Int\u00e9zet<\/a>tel <em><strong>Innovat\u00edv oktat\u00e1s hat\u00e1rok n\u00e9lk\u00fcl<\/strong><\/em> c\u00edmmel ind\u00edtott k\u00f6z\u00f6s projektet janu\u00e1r 1-t\u0151l a R\u00e1ba-Duna-V\u00e1g Korl\u00e1tolt Felel\u0151ss\u00e9g\u0171 Eur\u00f3pai Ter\u00fcleti T\u00e1rsul\u00e1s (tov\u00e1bbiakban R\u00e1ba-Duna-V\u00e1g ETT), a Nagyszombati Ker\u00fcleti \u00d6nkorm\u00e1nyzat (Trnavsk\u00fd samospr\u00e1vny kraj) \u00e9s a Sz\u00e9chenyi Programiroda Nonprofit Kft. \u00e1ltal meghirdetett p\u00e1ly\u00e1zaton.&nbsp;Az Eur\u00f3pai Uni\u00f3 hat\u00e1rmenti egy\u00fcttm\u0171k\u00f6d\u00e9si c\u00e9lok megval\u00f3s\u00edt\u00e1s\u00e1t el\u0151seg\u00edt\u0151 Interreg V-A Szlov\u00e1kia-Magyarorsz\u00e1g Egy\u00fcttm\u0171k\u00f6d\u00e9si Program keret\u00e9n bel\u00fcl az SKHU\/WETA\/2101 p\u00e1ly\u00e1zati felh\u00edv\u00e1s alapj\u00e1n elnyert \u00f6sszesen 39.054,73 eur\u00f3 \u00f6sszeg\u0171 t\u00e1mogat\u00e1s seg\u00edts\u00e9g\u00e9vel val\u00f3s\u00edtjuk meg a k\u00f6z\u00f6s c\u00e9lt a k\u00f6vetkez\u0151 n\u00e9gy h\u00f3napban.<\/p>\n\n\n\n<p>A projekt keret\u00e9ben egym\u00e1sra \u00e9p\u00fcl\u0151, m\u00e9gis k\u00e9t k\u00fcl\u00f6n\u00e1ll\u00f3 term\u00e9ket hozunk l\u00e9tre.&nbsp;<\/p>\n\n\n\n<p>Az egy\u00fcttm\u0171k\u00f6d\u00e9s c\u00e9lja, hogy a szlov\u00e1k, illetve a magyar k\u00f6zoktat\u00e1si rendszer tanterv\u00e9t alapul v\u00e9ve kidolgoz\u00e1sra ker\u00fclj\u00f6n&nbsp;<\/p>\n\n\n\n<ul class=\"wp-block-list\">\n<li>a szlov\u00e1kiai partner \u00e1ltal egy olyan tant\u00e1rgyakra \u00e9p\u00fcl\u0151, eg\u00e9sz tan\u00e9vre sz\u00f3l\u00f3 projektterv az \u00e1ltal\u00e1nos iskol\u00e1k pedag\u00f3gusai sz\u00e1m\u00e1ra, amely \u00f6tleteket ad, seg\u00edts\u00e9g\u00fcl szolg\u00e1l a tan\u00edt\u00f3knak a tan\u00e9v sor\u00e1n egy-egy &#8211; tant\u00e1rgyak k\u00f6z\u00f6tt \u00e1tj\u00e1rhat\u00f3, interdiszciplin\u00e1ris &#8211; projekt kidolgoz\u00e1s\u00e1ra.<\/li>\n<\/ul>\n\n\n\n<ul class=\"wp-block-list\">\n<li>&nbsp;Magyar oldalon a harmadik h\u00f3nap v\u00e9g\u00e9re elk\u00e9sz\u00fcl egy online let\u00f6lthet\u0151 100 oldalas j\u00f3 \u00e9s bev\u00e1lt gyakorlatok \u00e9s hasznos tan\u00e1csok, j\u00e1t\u00e9kok gy\u0171jtem\u00e9nye, amely seg\u00edts\u00e9g\u00fcl szolg\u00e1lhat az \u00e1ltal\u00e1nos iskol\u00e1kban projekt m\u00f3dszerrel oktat\u00f3 pedag\u00f3gusoknak, ezzel el\u0151seg\u00edtve a di\u00e1kok motiv\u00e1ci\u00f3j\u00e1t, fenntartva \u00e9rdekl\u0151d\u00e9s\u00fcket.&nbsp;<\/li>\n<\/ul>\n\n\n\n<ul class=\"wp-block-list\">\n<li>A szakmai anyag megjelen\u00e9s\u00e9r\u0151l \u00e1prilisban t\u00e1j\u00e9koztatjuk a nagy\u00e9rdem\u0171t, hiszen egy online konferenci\u00e1n szeretn\u00e9nk bemutatni a megval\u00f3s\u00edtott projekt eredm\u00e9ny\u00e9t, amely ezut\u00e1n mindenki sz\u00e1m\u00e1ra ingyenesen el\u00e9rhet\u0151 lesz.&nbsp;<\/li>\n<\/ul>\n\n\n\n<p>A p\u00e1ly\u00e1zati ki\u00edr\u00e1s \u00e9rtelm\u00e9ben a magyarorsz\u00e1gi kutat\u00e1si ter\u00fclet\u00fcnk 3 megy\u00e9re &#8211; Gy\u0151r-Moson-Sopron, Kom\u00e1rom-Esztergom, illetve Pest \u2013 korl\u00e1toz\u00f3dik. Innen gy\u0171jtj\u00fck \u00f6ssze az itt alkalmazott \u00e9s bev\u00e1lt j\u00f3 gyakorlatokat, amelyeket a k\u00e9s\u0151bbiek folyam\u00e1n az eg\u00e9sz orsz\u00e1g ter\u00fclet\u00e9n tudnak hasznos\u00edtani a pedag\u00f3gusok. Akik sz\u00edvesen csatlakozn\u00e1nak csoportunkhoz &#8211; ak\u00e1r az\u00e9rt, hogy tapasztalataikat megossz\u00e1k, ak\u00e1r az\u00e9rt, hogy j\u00f3 gyakorlatokat, \u00f6tleteket kapjanak -, azok k\u00f6vessenek minket a hamarosan indul\u00f3 Facebook csoportunk\u00e9rt.<\/p>\n\n\n\n<p>B\u00edzunk benne, hogy munk\u00e1nk eredm\u00e9nye hasznos seg\u00edts\u00e9g\u00fcl szolg\u00e1l majd a tan\u00edt\u00f3knak, tan\u00e1roknak.<\/p>\n\n\n\n<p>A projekt kezdete: 2022. janu\u00e1r 1.<\/p>\n\n\n\n<p>A projekt v\u00e9ge: 2022. \u00e1prilis 30.<\/p>\n\n\n\n<p>A projekt futamideje: 4 h\u00f3nap<\/p>\n\n\n\n<p>A nyertes p\u00e1ly\u00e1zatunk regisztr\u00e1ci\u00f3s sz\u00e1ma: SKHU\/WETA\/2101\/4.1\/008.<\/p>\n\n\n\n<p>F\u0151 partner: Innovat\u00edv Oktat\u00e1s\u00e9rt Int\u00e9zet &#8211; Szlov\u00e1kia (In\u0161tit\u00fat pre inov\u00e1ciu vzdel\u00e1vania n.o.)<\/p>\n\n\n\n<p>A t\u00e1mogat\u00e1s \u00f6sszege \u00f6sszesen: 39.054,73 EUR<\/p>\n\n\n\n<p>amelyb\u0151l a Pro Veritate Egyes\u00fclet \u00e1ltal elnyert \u00f6sszeg: 18.138,57 EUR<\/p>\n\n\n\n<div style=\"height:40px\" aria-hidden=\"true\" class=\"wp-block-spacer\"><\/div>\n\n\n\n<hr class=\"wp-block-separator has-css-opacity\"\/>\n\n\n\n<div style=\"height:40px\" aria-hidden=\"true\" class=\"wp-block-spacer\"><\/div>\n\n\n\n<p class=\"has-text-align-center\">B\u0151vebb inform\u00e1ci\u00f3\u00e9rt projekt\u00fcnkr\u0151l forduljon al\u00e1bbi munkat\u00e1rsainkhoz:<\/p>\n\n\n\n<div class=\"wp-block-columns is-layout-flex wp-container-core-columns-is-layout-28f84493 wp-block-columns-is-layout-flex\">\n<div class=\"wp-block-column is-layout-flow wp-block-column-is-layout-flow\">\n<p class=\"has-text-align-center\"><strong>Simon Andrea<\/strong><\/p>\n\n\n\n<p class=\"has-text-align-center\">Projektmenedzser<br>+36 20 919 3252<br><a href=\"mailto:andrea.simon@proveritate.hu\">andrea.simon@proveritate.hu<\/a><\/p>\n<\/div>\n\n\n\n<div class=\"wp-block-column is-layout-flow wp-block-column-is-layout-flow\">\n<p class=\"has-text-align-center\"><strong>Dr. T\u00f6r\u00f6k Csaba<\/strong><\/p>\n\n\n\n<p class=\"has-text-align-center\">Eln\u00f6k<br>+36 70 422 9800<br><a href=\"mailto:csaba.torok@proveritate.hu\">csaba.torok@proveritate.hu<\/a><\/p>\n<\/div>\n<\/div>\n\n\n\n<div class=\"wp-block-pdfjsblock-pdfjs-embed pdfjs-wrapper\"><\/div>\n\n\n\n<figure class=\"wp-block-image size-large\"><img loading=\"lazy\" decoding=\"async\" width=\"1024\" height=\"724\" src=\"http:\/\/www.proveritate.hu\/wp-content\/uploads\/2022\/03\/1091012022-1024x724.jpg\" alt=\"\" class=\"wp-image-1491\" srcset=\"https:\/\/www.proveritate.hu\/wp-content\/uploads\/2022\/03\/1091012022-1024x724.jpg 1024w, https:\/\/www.proveritate.hu\/wp-content\/uploads\/2022\/03\/1091012022-300x212.jpg 300w, https:\/\/www.proveritate.hu\/wp-content\/uploads\/2022\/03\/1091012022-768x543.jpg 768w, https:\/\/www.proveritate.hu\/wp-content\/uploads\/2022\/03\/1091012022-1536x1086.jpg 1536w, https:\/\/www.proveritate.hu\/wp-content\/uploads\/2022\/03\/1091012022-1140x806.jpg 1140w, https:\/\/www.proveritate.hu\/wp-content\/uploads\/2022\/03\/1091012022-600x424.jpg 600w, https:\/\/www.proveritate.hu\/wp-content\/uploads\/2022\/03\/1091012022.jpg 1683w\" sizes=\"auto, (max-width: 1024px) 100vw, 1024px\" \/><\/figure>\n","protected":false},"excerpt":{"rendered":"<p>Egyes\u00fclet\u00fcnk a szlov\u00e1kiai Innovat\u00edv Oktat\u00e1s\u00e9rt Int\u00e9zettel Innovat\u00edv oktat\u00e1s hat\u00e1rok n\u00e9lk\u00fcl c\u00edmmel ind\u00edtott k\u00f6z\u00f6s projektet janu\u00e1r 1-t\u0151l a R\u00e1ba-Duna-V\u00e1g Korl\u00e1tolt Felel\u0151ss\u00e9g\u0171 Eur\u00f3pai Ter\u00fcleti T\u00e1rsul\u00e1s (tov\u00e1bbiakban R\u00e1ba-Duna-V\u00e1g ETT), a Nagyszombati Ker\u00fcleti \u00d6nkorm\u00e1nyzat (Trnavsk\u00fd samospr\u00e1vny kraj) \u00e9s a Sz\u00e9chenyi Programiroda Nonprofit Kft. \u00e1ltal meghirdetett p\u00e1ly\u00e1zaton.&nbsp;Az Eur\u00f3pai Uni\u00f3 hat\u00e1rmenti egy\u00fcttm\u0171k\u00f6d\u00e9si c\u00e9lok megval\u00f3s\u00edt\u00e1s\u00e1t el\u0151seg\u00edt\u0151 Interreg V-A Szlov\u00e1kia-Magyarorsz\u00e1g Egy\u00fcttm\u0171k\u00f6d\u00e9si Program keret\u00e9n bel\u00fcl az SKHU\/WETA\/2101 p\u00e1ly\u00e1zati felh\u00edv\u00e1s alapj\u00e1n elnyert \u00f6sszesen 39.054,73 eur\u00f3 \u00f6sszeg\u0171 t\u00e1mogat\u00e1s seg\u00edts\u00e9g\u00e9vel val\u00f3s\u00edtjuk meg a k\u00f6z\u00f6s c\u00e9lt a k\u00f6vetkez\u0151 n\u00e9gy h\u00f3napban. A projekt keret\u00e9ben egym\u00e1sra \u00e9p\u00fcl\u0151, m\u00e9gis k\u00e9t k\u00fcl\u00f6n\u00e1ll\u00f3 term\u00e9ket hozunk l\u00e9tre.&nbsp; Az egy\u00fcttm\u0171k\u00f6d\u00e9s c\u00e9lja, hogy a szlov\u00e1k, illetve a magyar k\u00f6zoktat\u00e1si rendszer tanterv\u00e9t alapul v\u00e9ve kidolgoz\u00e1sra ker\u00fclj\u00f6n&nbsp; A p\u00e1ly\u00e1zati ki\u00edr\u00e1s \u00e9rtelm\u00e9ben a magyarorsz\u00e1gi kutat\u00e1si ter\u00fclet\u00fcnk 3 megy\u00e9re &#8211; Gy\u0151r-Moson-Sopron, Kom\u00e1rom-Esztergom, illetve Pest \u2013 korl\u00e1toz\u00f3dik. Innen gy\u0171jtj\u00fck \u00f6ssze az itt alkalmazott \u00e9s bev\u00e1lt j\u00f3 gyakorlatokat, amelyeket a k\u00e9s\u0151bbiek folyam\u00e1n az eg\u00e9sz orsz\u00e1g ter\u00fclet\u00e9n tudnak hasznos\u00edtani a pedag\u00f3gusok. Akik sz\u00edvesen csatlakozn\u00e1nak csoportunkhoz &#8211; ak\u00e1r az\u00e9rt, hogy tapasztalataikat megossz\u00e1k, ak\u00e1r az\u00e9rt, hogy j\u00f3 gyakorlatokat, \u00f6tleteket kapjanak -, azok k\u00f6vessenek minket a hamarosan indul\u00f3 Facebook csoportunk\u00e9rt. B\u00edzunk benne, hogy munk\u00e1nk eredm\u00e9nye hasznos seg\u00edts\u00e9g\u00fcl szolg\u00e1l majd a tan\u00edt\u00f3knak, tan\u00e1roknak. A projekt kezdete: 2022. janu\u00e1r 1. A projekt v\u00e9ge: 2022. \u00e1prilis 30. A projekt futamideje: 4 h\u00f3nap A nyertes p\u00e1ly\u00e1zatunk regisztr\u00e1ci\u00f3s sz\u00e1ma: SKHU\/WETA\/2101\/4.1\/008. F\u0151 partner: Innovat\u00edv Oktat\u00e1s\u00e9rt Int\u00e9zet &#8211; Szlov\u00e1kia (In\u0161tit\u00fat pre inov\u00e1ciu vzdel\u00e1vania n.o.) A t\u00e1mogat\u00e1s \u00f6sszege \u00f6sszesen: 39.054,73 EUR amelyb\u0151l a Pro Veritate Egyes\u00fclet \u00e1ltal elnyert \u00f6sszeg: 18.138,57 EUR B\u0151vebb inform\u00e1ci\u00f3\u00e9rt projekt\u00fcnkr\u0151l forduljon al\u00e1bbi munkat\u00e1rsainkhoz: Simon Andrea Projektmenedzser+36 20 919 3252andrea.simon@proveritate.hu Dr. T\u00f6r\u00f6k Csaba Eln\u00f6k+36 70 422 9800csaba.torok@proveritate.hu<\/p>\n","protected":false},"author":1,"featured_media":0,"parent":0,"menu_order":0,"comment_status":"closed","ping_status":"closed","template":"","meta":{"footnotes":""},"class_list":["post-1431","page","type-page","status-publish","hentry"],"_links":{"self":[{"href":"https:\/\/www.proveritate.hu\/index.php\/wp-json\/wp\/v2\/pages\/1431","targetHints":{"allow":["GET"]}}],"collection":[{"href":"https:\/\/www.proveritate.hu\/index.php\/wp-json\/wp\/v2\/pages"}],"about":[{"href":"https:\/\/www.proveritate.hu\/index.php\/wp-json\/wp\/v2\/types\/page"}],"author":[{"embeddable":true,"href":"https:\/\/www.proveritate.hu\/index.php\/wp-json\/wp\/v2\/users\/1"}],"replies":[{"embeddable":true,"href":"https:\/\/www.proveritate.hu\/index.php\/wp-json\/wp\/v2\/comments?post=1431"}],"version-history":[{"count":17,"href":"https:\/\/www.proveritate.hu\/index.php\/wp-json\/wp\/v2\/pages\/1431\/revisions"}],"predecessor-version":[{"id":2241,"href":"https:\/\/www.proveritate.hu\/index.php\/wp-json\/wp\/v2\/pages\/1431\/revisions\/2241"}],"wp:attachment":[{"href":"https:\/\/www.proveritate.hu\/index.php\/wp-json\/wp\/v2\/media?parent=1431"}],"curies":[{"name":"wp","href":"https:\/\/api.w.org\/{rel}","templated":true}]}}