{"id":136,"date":"2020-10-09T17:42:07","date_gmt":"2020-10-09T17:42:07","guid":{"rendered":"http:\/\/www.proveritate.hu\/?page_id=136"},"modified":"2025-12-30T22:40:13","modified_gmt":"2025-12-30T21:40:13","slug":"csatlakozzon","status":"publish","type":"page","link":"https:\/\/www.proveritate.hu\/index.php\/csatlakozzon\/","title":{"rendered":"Csatlakozom!"},"content":{"rendered":"\n<p class=\"has-text-align-right has-small-font-size\">For English language, please click&nbsp;<a href=\"https:\/\/www.proveritate.hu\/index.php\/join-us\/\">HERE<\/a>.<\/p>\n\n\n\n<p class=\"has-medium-font-size\">Csatlakozzon Egyes\u00fclet\u00fcnkh\u00f6z, v\u00e1ljon tagunkk\u00e1!<\/p>\n\n\n\n<p>Amennyiben \u00fagy \u00e9rzi, hogy egy \u00f6sszetart\u00f3, k\u00f6zvetlen <strong>szakmai k\u00f6z\u00f6ss\u00e9g<\/strong> tagja lenne&#8230;<\/p>\n\n\n\n<p>Ha <strong>szakmai fejl\u0151d\u00e9sre<\/strong> v\u00e1gyik, esetleg publik\u00e1lna, tudom\u00e1nyos munk\u00e1t v\u00e9gezne&#8230;<\/p>\n\n\n\n<p>Ha egyet\u00e9rt c\u00e9ljainkkal \u00e9s <strong>sz\u00edvesen szerepet v\u00e1llalna<\/strong> tev\u00e9kenys\u00e9g\u00fcnkben&#8230;<\/p>\n\n\n\n<p>Ha <strong>\u00f6tletei vannak, ambici\u00f3zus<\/strong>, \u00e9s r\u00e9szt venne az Egyes\u00fclet mindennapjaiban&#8230;<\/p>\n\n\n\n<p>Ha szeretn\u00e9 ig\u00e9nybevenni tagjainknak j\u00e1r\u00f3 <strong>kedvezm\u00e9nyeinket<\/strong>, szolg\u00e1ltat\u00e1sainkat&#8230;<\/p>\n\n\n\n<p>Ha sz\u00edvesen <strong>seg\u00edtene m\u00e1soknak<\/strong> tan\u00e1csaival&#8230;<\/p>\n\n\n\n<p>&#8230; akkor <strong>csatlakozzon<\/strong> hozz\u00e1nk!<\/p>\n\n\n\n<div style=\"height:20px\" aria-hidden=\"true\" class=\"wp-block-spacer\"><\/div>\n\n\n\n<hr class=\"wp-block-separator has-alpha-channel-opacity\"\/>\n\n\n\n<div style=\"height:40px\" aria-hidden=\"true\" class=\"wp-block-spacer\"><\/div>\n\n\n\n<h6 class=\"wp-block-heading\">T\u00e1j\u00e9koz\u00f3djon nyitott poz\u00edci\u00f3inkr\u00f3l<\/h6>\n\n\n\n<p>Egyes\u00fclet\u00fcnk tagjak\u00e9nt, tov\u00e1bb\u00e1 \u00f6nk\u00e9ntesk\u00e9nt, tiszts\u00e9gvisel\u0151k\u00e9nt vagy munkat\u00e1rsunkk\u00e9nt is csatlakozhat hozz\u00e1nk. Nyitott poz\u00edci\u00f3inkr\u00f3l, \u00e1ll\u00e1slehet\u0151s\u00e9geinkr\u0151l a k\u00f6vetkez\u0151 oldalon t\u00e1j\u00e9koz\u00f3dhat: <a href=\"https:\/\/www.proveritate.hu\/index.php\/jelentkezes\/\">P\u00e1ly\u00e1zatok, jelentkez\u00e9sek<\/a><\/p>\n\n\n\n<div style=\"height:40px\" aria-hidden=\"true\" class=\"wp-block-spacer\"><\/div>\n\n\n\n<hr class=\"wp-block-separator has-alpha-channel-opacity\"\/>\n\n\n\n<div style=\"height:40px\" aria-hidden=\"true\" class=\"wp-block-spacer\"><\/div>\n\n\n\n<h6 class=\"wp-block-heading\">A rendes tagk\u00e9nt csatlakoz\u00e1s menete:<\/h6>\n\n\n\n<p>Amennyiben szem\u00e9ly\u00e9vel, tev\u00e9kenys\u00e9g\u00e9vel j\u00e1rulna hozz\u00e1 a PROVE m\u0171k\u00f6d\u00e9s\u00e9hez:<\/p>\n\n\n\n<div class=\"wp-block-group\"><div class=\"wp-block-group__inner-container is-layout-flow wp-block-group-is-layout-flow\">\n<ol class=\"wp-block-list\">\n<li>Olvassa el Alapszab\u00e1lyunkat, amelyet <a href=\"http:\/\/www.proveritate.hu\/index.php\/alapszabaly\/\" data-type=\"page\" target=\"_blank\" rel=\"noreferrer noopener\">ITT<\/a> meg is tehet.<\/li>\n\n\n\n<li>T\u00f6ltse ki a <em>Tagfelv\u00e9teli k\u00e9relmet<\/em> (l\u00e1sd al\u00e1bb).<\/li>\n\n\n\n<li>V\u00e1rja meg az Eln\u00f6ks\u00e9g tagfelv\u00e9teli hat\u00e1rozat\u00e1t. Elfogad\u00f3 hat\u00e1rozat eset\u00e9n meg kell fizetnie az \u00e9ves tagd\u00edjat, amelynek m\u00e9rt\u00e9ke 10.000,- Ft. Amennyiben \u00d6n igazolhat\u00f3 hallgat\u00f3i jogviszonnyal rendelkezik, \u00fagy a tagd\u00edjb\u00f3l 50% kedvezm\u00e9nyben r\u00e9szes\u00fcl.<\/li>\n<\/ol>\n<\/div><\/div>\n\n\n\n<figure class=\"wp-block-embed is-type-wp-embed is-provider-pro-veritate-k-zhaszn-egyes-let wp-block-embed-pro-veritate-k-zhaszn-egyes-let\"><div class=\"wp-block-embed__wrapper\">\n<blockquote class=\"wp-embedded-content\" data-secret=\"ZABMmK30tE\"><a href=\"https:\/\/www.proveritate.hu\/index.php\/tagfelveteli-kerelem\/\">Tagfelv\u00e9teli k\u00e9relem<\/a><\/blockquote><iframe loading=\"lazy\" class=\"wp-embedded-content\" sandbox=\"allow-scripts\" security=\"restricted\" style=\"position: absolute; clip: rect(1px, 1px, 1px, 1px);\" title=\"&#8220;Tagfelv\u00e9teli k\u00e9relem&#8221; &#8212; Pro Veritate K\u00f6zhaszn\u00fa Egyes\u00fclet\" src=\"https:\/\/www.proveritate.hu\/index.php\/tagfelveteli-kerelem\/embed\/#?secret=fJpxmYfC9P#?secret=ZABMmK30tE\" data-secret=\"ZABMmK30tE\" width=\"600\" height=\"338\" frameborder=\"0\" marginwidth=\"0\" marginheight=\"0\" scrolling=\"no\"><\/iframe>\n<\/div><\/figure>\n\n\n\n<div style=\"height:20px\" aria-hidden=\"true\" class=\"wp-block-spacer\"><\/div>\n\n\n\n<hr class=\"wp-block-separator has-alpha-channel-opacity\"\/>\n\n\n\n<div style=\"height:40px\" aria-hidden=\"true\" class=\"wp-block-spacer\"><\/div>\n\n\n\n<h6 class=\"wp-block-heading\">A p\u00e1rtol\u00f3 tagk\u00e9nt csatlakoz\u00e1s menete:<\/h6>\n\n\n\n<p>Amennyiben \u00d6n Egyes\u00fclet\u00fcnk c\u00e9ljait t\u00e1mogatni k\u00edv\u00e1nja, de azt nem els\u0151sorban szem\u00e9ly\u00e9vel vagy tev\u00e9keny hozz\u00e1j\u00e1rul\u00e1s\u00e1val k\u00e9pzeli el, d\u00f6nthet \u00fagy, hogy p\u00e1rtol\u00f3 tagunkk\u00e1 v\u00e1lik. A p\u00e1rtol\u00f3 tagok korl\u00e1tozottan, de r\u00e9szt vehetnek k\u00f6z\u00fcgyeink alak\u00edt\u00e1s\u00e1ban, tov\u00e1bb\u00e1 vagyoni hozz\u00e1j\u00e1rul\u00e1ssal k\u00f6zrem\u0171k\u00f6dnek az Egyes\u00fclet c\u00e9ljainak el\u00e9r\u00e9s\u00e9ben. <\/p>\n\n\n\n<ol id=\"block-547d6185-a833-484b-bd61-6af5cd952736\" class=\"wp-block-list\">\n<li>Olvassa el Alapszab\u00e1lyunkat, amelyet <a href=\"http:\/\/www.proveritate.hu\/index.php\/alapszabaly\/\" target=\"_blank\" rel=\"noreferrer noopener\">ITT<\/a> meg is tehet.<\/li>\n\n\n\n<li>V\u00e1lasszon a p\u00e1rtol\u00f3 tag <em>csomagok<\/em> k\u00f6z\u00fcl az al\u00e1bbi t\u00e1bl\u00e1zatb\u00f3l.<\/li>\n\n\n\n<li>T\u00f6ltse ki a <em>Tagfelv\u00e9teli k\u00e9relmet<\/em> (l\u00e1sd a t\u00e1bl\u00e1zat alatt).<\/li>\n\n\n\n<li>V\u00e1rja meg az Eln\u00f6ks\u00e9g tagfelv\u00e9teli hat\u00e1rozat\u00e1t. Elfogad\u00f3 hat\u00e1rozat eset\u00e9n meg kell fizetnie a kiv\u00e1lasztott m\u00e9rt\u00e9k\u0171 \u00e9ves tagd\u00edjat. Amennyiben \u00d6n igazolhat\u00f3 hallgat\u00f3i jogviszonnyal rendelkezik, \u00fagy a tagd\u00edjb\u00f3l 50% kedvezm\u00e9nyben r\u00e9szes\u00fcl.<\/li>\n<\/ol>\n\n\n\n<figure class=\"wp-block-table is-style-stripes\"><table><thead><tr><th><\/th><th>Standard<\/th><th>Ez\u00fcst<\/th><th>Arany<\/th><th>Gy\u00e9m\u00e1nt<\/th><\/tr><\/thead><tbody><tr><td>R\u00e9szv\u00e9tel a K\u00f6zgy\u0171l\u00e9sben<\/td><td><span class=\"has-inline-color has-vivid-green-cyan-color\">igen<\/span><\/td><td><span class=\"has-inline-color has-vivid-green-cyan-color\">igen<\/span><\/td><td><span class=\"has-inline-color has-vivid-green-cyan-color\">igen<\/span><\/td><td><span class=\"has-inline-color has-vivid-green-cyan-color\">igen<\/span><\/td><\/tr><tr><td>Az Egyes\u00fclet ny\u00fajtotta szolg\u00e1ltat\u00e1sok ig\u00e9nybev\u00e9tele<\/td><td><span class=\"has-inline-color has-vivid-green-cyan-color\">igen<\/span><\/td><td><span class=\"has-inline-color has-vivid-green-cyan-color\">igen<\/span><\/td><td><span class=\"has-inline-color has-vivid-green-cyan-color\">igen<\/span><\/td><td><span class=\"has-inline-color has-vivid-green-cyan-color\">igen<\/span><\/td><\/tr><tr><td>Egyes\u00fcleti bels\u0151 h\u00edrek<\/td><td><span class=\"has-inline-color has-vivid-green-cyan-color\">igen<\/span><\/td><td><span class=\"has-inline-color has-vivid-green-cyan-color\">igen<\/span><\/td><td><span class=\"has-inline-color has-vivid-green-cyan-color\">igen<\/span><\/td><td><span class=\"has-inline-color has-vivid-green-cyan-color\">igen<\/span><\/td><\/tr><tr><td>Besz\u00e1mol\u00f3<\/td><td><span class=\"has-inline-color has-vivid-green-cyan-color\">igen<\/span><br>\u00e9vi 1<\/td><td><span class=\"has-inline-color has-vivid-green-cyan-color\">igen<\/span><br>\u00e9vi 2<\/td><td><span class=\"has-inline-color has-vivid-green-cyan-color\">igen<\/span><br>\u00e9vi 2<\/td><td><span class=\"has-inline-color has-vivid-green-cyan-color\">igen<\/span><br>\u00e9vi 2<\/td><\/tr><tr><td>Meglepet\u00e9s a tagnak<\/td><td><s><span class=\"has-inline-color has-vivid-red-color\">nem<\/span><\/s><\/td><td><s><span class=\"has-inline-color has-vivid-red-color\">nem<\/span><\/s><\/td><td><span class=\"has-inline-color has-vivid-green-cyan-color\">igen<\/span><\/td><td><span class=\"has-inline-color has-vivid-green-cyan-color\">igen<\/span><br>kiemelt<\/td><\/tr><tr><td>Kiemelt megjelen\u00e9s<\/td><td><span class=\"has-inline-color has-vivid-red-color\"><s>nem<\/s><\/span><\/td><td><span class=\"has-inline-color has-vivid-red-color\"><s>nem<\/s><\/span><\/td><td><span class=\"has-inline-color has-vivid-red-color\"><s>nem<\/s><\/span><\/td><td><span class=\"has-inline-color has-vivid-green-cyan-color\">igen<\/span><\/td><\/tr><\/tbody><tfoot><tr><td>\u00c9ves tagd\u00edj<\/td><td>10.000,- Ft<\/td><td>20.000,- Ft<\/td><td>50.000,- Ft<\/td><td>300.000,- Ft<\/td><\/tr><\/tfoot><\/table><\/figure>\n\n\n\n<figure class=\"wp-block-embed is-type-wp-embed is-provider-pro-veritate-k-zhaszn-egyes-let wp-block-embed-pro-veritate-k-zhaszn-egyes-let\"><div class=\"wp-block-embed__wrapper\">\n<blockquote class=\"wp-embedded-content\" data-secret=\"ZABMmK30tE\"><a href=\"https:\/\/www.proveritate.hu\/index.php\/tagfelveteli-kerelem\/\">Tagfelv\u00e9teli k\u00e9relem<\/a><\/blockquote><iframe loading=\"lazy\" class=\"wp-embedded-content\" sandbox=\"allow-scripts\" security=\"restricted\" style=\"position: absolute; clip: rect(1px, 1px, 1px, 1px);\" title=\"&#8220;Tagfelv\u00e9teli k\u00e9relem&#8221; &#8212; Pro Veritate K\u00f6zhaszn\u00fa Egyes\u00fclet\" src=\"https:\/\/www.proveritate.hu\/index.php\/tagfelveteli-kerelem\/embed\/#?secret=fJpxmYfC9P#?secret=ZABMmK30tE\" data-secret=\"ZABMmK30tE\" width=\"600\" height=\"338\" frameborder=\"0\" marginwidth=\"0\" marginheight=\"0\" scrolling=\"no\"><\/iframe>\n<\/div><\/figure>\n\n\n\n<div style=\"height:100px\" aria-hidden=\"true\" class=\"wp-block-spacer\"><\/div>\n\n\n\n<hr class=\"wp-block-separator has-alpha-channel-opacity\"\/>\n\n\n\n<div style=\"height:100px\" aria-hidden=\"true\" class=\"wp-block-spacer\"><\/div>\n\n\n\n<p>Amennyiben \u00d6n m\u00e1r tagunk, \u00e9s m\u00f3dos\u00edtani k\u00edv\u00e1nja jog\u00e1ll\u00e1s\u00e1t vagy st\u00e1tusz\u00e1t (pl. p\u00e1rtol\u00f3 tagunkk\u00e9nt rendes tagk\u00e9nt szeretne a tov\u00e1bbiakban jogviszonyban lenni, avagy id\u0151k\u00f6zben megsz\u0171nt hallgat\u00f3i jogviszonya \u00e9s k\u00e9relmezn\u00e9 a hallgat\u00f3i st\u00e1tusz t\u00f6rl\u00e9s\u00e9t), akkor k\u00f6vesse a k\u00f6vetkez\u0151 l\u00e9p\u00e9seket.<\/p>\n\n\n\n<ol id=\"block-547d6185-a833-484b-bd61-6af5cd952736\" class=\"wp-block-list\">\n<li>Let\u00f6lt\u00e9s ut\u00e1n t\u00f6ltse ki a <em>Jog\u00e1ll\u00e1s megv\u00e1ltoztat\u00e1sa ir\u00e1nti k\u00e9relmet<\/em> (let\u00f6lt\u00e9s al\u00e1bb).<\/li>\n\n\n\n<li>A kit\u00f6lt\u00f6tt \u00e9s al\u00e1\u00edrt k\u00e9relmet juttassa el postac\u00edm\u00fcnkre (2243 K\u00f3ka, Fels\u0151hegy 2369.) vagy beszkennelve k\u00fcldje el az <a href=\"mailto:elnokseg@proveritate.hu\">elnokseg@proveritate.hu<\/a> c\u00edmre.<\/li>\n\n\n\n<li>V\u00e1rja meg az Eln\u00f6ks\u00e9g hat\u00e1rozat\u00e1t.<\/li>\n<\/ol>\n\n\n\n<div class=\"wp-block-file\"><a id=\"wp-block-file--media-534639a9-e35b-4454-aebd-c64045657efc\" href=\"https:\/\/www.proveritate.hu\/wp-content\/uploads\/2024\/01\/Jogallas-megvaltoztatasi-iranti-kerelem.pdf\">Jog\u00e1ll\u00e1s megv\u00e1ltoztat\u00e1sa ir\u00e1nti k\u00e9relem<\/a><a href=\"https:\/\/www.proveritate.hu\/wp-content\/uploads\/2024\/01\/Jogallas-megvaltoztatasi-iranti-kerelem.pdf\" class=\"wp-block-file__button wp-element-button\" download aria-describedby=\"wp-block-file--media-534639a9-e35b-4454-aebd-c64045657efc\">Let\u00f6lt\u00e9s<\/a><\/div>\n","protected":false},"excerpt":{"rendered":"<p>For English language, please click&nbsp;HERE. Csatlakozzon Egyes\u00fclet\u00fcnkh\u00f6z, v\u00e1ljon tagunkk\u00e1! Amennyiben \u00fagy \u00e9rzi, hogy egy \u00f6sszetart\u00f3, k\u00f6zvetlen szakmai k\u00f6z\u00f6ss\u00e9g tagja lenne&#8230; Ha szakmai fejl\u0151d\u00e9sre v\u00e1gyik, esetleg publik\u00e1lna, tudom\u00e1nyos munk\u00e1t v\u00e9gezne&#8230; Ha egyet\u00e9rt c\u00e9ljainkkal \u00e9s sz\u00edvesen szerepet v\u00e1llalna tev\u00e9kenys\u00e9g\u00fcnkben&#8230; Ha \u00f6tletei vannak, ambici\u00f3zus, \u00e9s r\u00e9szt venne az Egyes\u00fclet mindennapjaiban&#8230; Ha szeretn\u00e9 ig\u00e9nybevenni tagjainknak j\u00e1r\u00f3 kedvezm\u00e9nyeinket, szolg\u00e1ltat\u00e1sainkat&#8230; Ha sz\u00edvesen seg\u00edtene m\u00e1soknak tan\u00e1csaival&#8230; &#8230; akkor csatlakozzon hozz\u00e1nk! T\u00e1j\u00e9koz\u00f3djon nyitott poz\u00edci\u00f3inkr\u00f3l Egyes\u00fclet\u00fcnk tagjak\u00e9nt, tov\u00e1bb\u00e1 \u00f6nk\u00e9ntesk\u00e9nt, tiszts\u00e9gvisel\u0151k\u00e9nt vagy munkat\u00e1rsunkk\u00e9nt is csatlakozhat hozz\u00e1nk. Nyitott poz\u00edci\u00f3inkr\u00f3l, \u00e1ll\u00e1slehet\u0151s\u00e9geinkr\u0151l a k\u00f6vetkez\u0151 oldalon t\u00e1j\u00e9koz\u00f3dhat: P\u00e1ly\u00e1zatok, jelentkez\u00e9sek A rendes tagk\u00e9nt csatlakoz\u00e1s menete: Amennyiben szem\u00e9ly\u00e9vel, tev\u00e9kenys\u00e9g\u00e9vel j\u00e1rulna hozz\u00e1 a PROVE m\u0171k\u00f6d\u00e9s\u00e9hez: A p\u00e1rtol\u00f3 tagk\u00e9nt csatlakoz\u00e1s menete: Amennyiben \u00d6n Egyes\u00fclet\u00fcnk c\u00e9ljait t\u00e1mogatni k\u00edv\u00e1nja, de azt nem els\u0151sorban szem\u00e9ly\u00e9vel vagy tev\u00e9keny hozz\u00e1j\u00e1rul\u00e1s\u00e1val k\u00e9pzeli el, d\u00f6nthet \u00fagy, hogy p\u00e1rtol\u00f3 tagunkk\u00e1 v\u00e1lik. A p\u00e1rtol\u00f3 tagok korl\u00e1tozottan, de r\u00e9szt vehetnek k\u00f6z\u00fcgyeink alak\u00edt\u00e1s\u00e1ban, tov\u00e1bb\u00e1 vagyoni hozz\u00e1j\u00e1rul\u00e1ssal k\u00f6zrem\u0171k\u00f6dnek az Egyes\u00fclet c\u00e9ljainak el\u00e9r\u00e9s\u00e9ben. Standard Ez\u00fcst Arany Gy\u00e9m\u00e1nt R\u00e9szv\u00e9tel a K\u00f6zgy\u0171l\u00e9sben igen igen igen igen Az Egyes\u00fclet ny\u00fajtotta szolg\u00e1ltat\u00e1sok ig\u00e9nybev\u00e9tele igen igen igen igen Egyes\u00fcleti bels\u0151 h\u00edrek igen igen igen igen Besz\u00e1mol\u00f3 igen\u00e9vi 1 igen\u00e9vi 2 igen\u00e9vi 2 igen\u00e9vi 2 Meglepet\u00e9s a tagnak nem nem igen igenkiemelt Kiemelt megjelen\u00e9s nem nem nem igen \u00c9ves tagd\u00edj 10.000,- Ft 20.000,- Ft 50.000,- Ft 300.000,- Ft Amennyiben \u00d6n m\u00e1r tagunk, \u00e9s m\u00f3dos\u00edtani k\u00edv\u00e1nja jog\u00e1ll\u00e1s\u00e1t vagy st\u00e1tusz\u00e1t (pl. p\u00e1rtol\u00f3 tagunkk\u00e9nt rendes tagk\u00e9nt szeretne a tov\u00e1bbiakban jogviszonyban lenni, avagy id\u0151k\u00f6zben megsz\u0171nt hallgat\u00f3i jogviszonya \u00e9s k\u00e9relmezn\u00e9 a hallgat\u00f3i st\u00e1tusz t\u00f6rl\u00e9s\u00e9t), akkor k\u00f6vesse a k\u00f6vetkez\u0151 l\u00e9p\u00e9seket.<\/p>\n","protected":false},"author":1,"featured_media":0,"parent":0,"menu_order":0,"comment_status":"closed","ping_status":"closed","template":"","meta":{"footnotes":""},"class_list":["post-136","page","type-page","status-publish","hentry"],"_links":{"self":[{"href":"https:\/\/www.proveritate.hu\/index.php\/wp-json\/wp\/v2\/pages\/136","targetHints":{"allow":["GET"]}}],"collection":[{"href":"https:\/\/www.proveritate.hu\/index.php\/wp-json\/wp\/v2\/pages"}],"about":[{"href":"https:\/\/www.proveritate.hu\/index.php\/wp-json\/wp\/v2\/types\/page"}],"author":[{"embeddable":true,"href":"https:\/\/www.proveritate.hu\/index.php\/wp-json\/wp\/v2\/users\/1"}],"replies":[{"embeddable":true,"href":"https:\/\/www.proveritate.hu\/index.php\/wp-json\/wp\/v2\/comments?post=136"}],"version-history":[{"count":32,"href":"https:\/\/www.proveritate.hu\/index.php\/wp-json\/wp\/v2\/pages\/136\/revisions"}],"predecessor-version":[{"id":6067,"href":"https:\/\/www.proveritate.hu\/index.php\/wp-json\/wp\/v2\/pages\/136\/revisions\/6067"}],"wp:attachment":[{"href":"https:\/\/www.proveritate.hu\/index.php\/wp-json\/wp\/v2\/media?parent=136"}],"curies":[{"name":"wp","href":"https:\/\/api.w.org\/{rel}","templated":true}]}}